{"id":14,"date":"2019-04-18T07:51:27","date_gmt":"2019-04-18T07:51:27","guid":{"rendered":"http:\/\/ditteandreasson.dk.linux302.unoeuro-server.com\/?page_id=14"},"modified":"2021-01-20T12:11:21","modified_gmt":"2021-01-20T12:11:21","slug":"spirituel-udvikling","status":"publish","type":"page","link":"https:\/\/www.ditteandreasson.dk\/","title":{"rendered":"Spirituel udvikling"},"content":{"rendered":"\n<p>Selvudvikling, indsigt og samarbejde kan foreg\u00e5 p\u00e5 mange m\u00e5der. Det vigtigste er din egen beslutning, om at ville noget andet end du plejer. At tr\u00e6ffe et valg om at udvikle dig selv som menneske og sj\u00e6l, s\u00e5 du kan blomstre, mestre og udfolde en st\u00f8rre del af det du indeholder. At blive mere bevidst om helheden i dig selv, at vise den del af dig, der har lyst til at give og styrke f\u00e6llesskabet her p\u00e5 jorden i dyb samklang med alt det du indeholder.<\/p>\n\n\n\n<p>Det kr\u00e6ver vilje og h\u00e5rdt arbejde \u2026 !<\/p>\n\n\n\n<p>\u00c5rsagerne til at vi begiver os ud i selvudvikling kan v\u00e6re mange. Det kan b\u00e5de v\u00e6re indre som ydre omst\u00e6ndigheder, der tvinger os til at se p\u00e5 tingene &#8211; ja, kort sagt se livet i et andet lys eller perspektiv end tidligere. Der kan vokse en indre utilfredshed frem, som det er sv\u00e6rt at s\u00e6tte ord p\u00e5. Det kan v\u00e6re ydre omst\u00e6ndigheder, der f\u00e5r vores fundament til at sk\u00e6lve som ved et jordsk\u00e6lv. Det vil tvinge os til at se p\u00e5 gamle tilstande, vaner og forestillinger om os selv og vores tilstedev\u00e6relse i denne verden. Vil vi selv v\u00e6re med til at forme vores egen vej, eller lader vi os lede af andre og deres livsstr\u00f8m?<\/p>\n\n\n\n<p>Det gode ved det er, at hvor der er en vilje, er der ogs\u00e5 en vej \u2026<\/p>\n\n\n\n<h2>At v\u00e6lge<\/h2>\n\n\n\n<p>N\u00e5r f\u00f8rst beslutningen er taget, vil jeg gerne v\u00e6re med dig som sparringspartner til at n\u00e5 et spadestik dybere ind til essensen af dig. Jeg arbejder med hvad der er, astrologisk, energim\u00e6ssigt, hvad der r\u00f8r sig i rummet n\u00e5r vi m\u00f8des, men frem for alt, dig som menneske og sj\u00e6l \u2013 og den vej du \u00f8nsker at g\u00e5. Jeg har mange v\u00e6rkt\u00f8jer i min bagage, og alt foreg\u00e5r i et k\u00e6rligt og accepterende rum fyldt med n\u00e6rv\u00e6r.<\/p>\n\n\n\n<h3><a href=\"https:\/\/www.ditteandreasson.dk\/?page_id=16\">Spirituel terapi<\/a><\/h3>\n\n\n\n<p>Viljen til at arbejde p\u00e5 et dybere plan, at finde ind til essensen af selve dig, \u2013 b\u00e5de i krop, i tanker og f\u00f8lelsesm\u00e6ssigt. At acceptere, rumme og elske hvad der end m\u00e5tte v\u00e6re.<\/p>\n\n\n\n<h3><a href=\"https:\/\/www.ditteandreasson.dk\/?page_id=18\">SoulFlow<\/a><\/h3>\n\n\n\n<p>Jeg vil guide dig, stille sp\u00f8rgsm\u00e5l til din situation og sp\u00f8rge ind til hvad du oplever i det meditative rum, som vi sammen skaber.<\/p>\n\n\n\n<h3><a href=\"https:\/\/www.ditteandreasson.dk\/?page_id=22\">Spirituel astrologi<\/a><\/h3>\n\n\n\n<p>Astrologisk kan jeg se hvor der er ressourcer, hvordan de kan bruges og hvad der bliver sat sp\u00f8rgsm\u00e5l ved for tiden. Hvilke muligheder byder sig til og i hvilken retning g\u00e5r dit sj\u00e6lsm\u00e5l.<\/p>\n","protected":false},"excerpt":{"rendered":"<p>Selvudvikling, indsigt og samarbejde kan foreg\u00e5 p\u00e5 mange m\u00e5der. Det vigtigste er din egen beslutning, om at ville noget andet end du plejer. At tr\u00e6ffe et valg om at udvikle dig selv som menneske og sj\u00e6l, s\u00e5 du kan blomstre, mestre og udfolde en st\u00f8rre del af det du indeholder. At blive mere bevidst om &hellip; <\/p>\n<p class=\"link-more\"><a href=\"https:\/\/www.ditteandreasson.dk\/\" class=\"more-link\">L\u00e6s videre<span class=\"screen-reader-text\"> &#8220;Spirituel udvikling&#8221;<\/span><\/a><\/p>\n","protected":false},"author":1,"featured_media":0,"parent":0,"menu_order":0,"comment_status":"closed","ping_status":"closed","template":"","meta":[],"_links":{"self":[{"href":"https:\/\/www.ditteandreasson.dk\/index.php?rest_route=\/wp\/v2\/pages\/14"}],"collection":[{"href":"https:\/\/www.ditteandreasson.dk\/index.php?rest_route=\/wp\/v2\/pages"}],"about":[{"href":"https:\/\/www.ditteandreasson.dk\/index.php?rest_route=\/wp\/v2\/types\/page"}],"author":[{"embeddable":true,"href":"https:\/\/www.ditteandreasson.dk\/index.php?rest_route=\/wp\/v2\/users\/1"}],"replies":[{"embeddable":true,"href":"https:\/\/www.ditteandreasson.dk\/index.php?rest_route=%2Fwp%2Fv2%2Fcomments&post=14"}],"version-history":[{"count":7,"href":"https:\/\/www.ditteandreasson.dk\/index.php?rest_route=\/wp\/v2\/pages\/14\/revisions"}],"predecessor-version":[{"id":58,"href":"https:\/\/www.ditteandreasson.dk\/index.php?rest_route=\/wp\/v2\/pages\/14\/revisions\/58"}],"wp:attachment":[{"href":"https:\/\/www.ditteandreasson.dk\/index.php?rest_route=%2Fwp%2Fv2%2Fmedia&parent=14"}],"curies":[{"name":"wp","href":"https:\/\/api.w.org\/{rel}","templated":true}]}}